{"id":383,"date":"2021-12-24T15:57:47","date_gmt":"2021-12-24T15:57:47","guid":{"rendered":"https:\/\/avosordis.com\/?page_id=383"},"modified":"2021-12-29T19:29:02","modified_gmt":"2021-12-29T19:29:02","slug":"materiels-pour-seniors","status":"publish","type":"page","link":"https:\/\/avosordis.com\/index.php\/materiels-pour-seniors\/","title":{"rendered":"Mat\u00e9riels pour seniors"},"content":{"rendered":"\t\t<div data-elementor-type=\"wp-page\" data-elementor-id=\"383\" class=\"elementor elementor-383\">\n\t\t\t\t\t\t<section class=\"elementor-section elementor-top-section elementor-element elementor-element-b794aba elementor-section-boxed elementor-section-height-default elementor-section-height-default\" data-id=\"b794aba\" data-element_type=\"section\" data-e-type=\"section\">\n\t\t\t\t\t\t<div class=\"elementor-container elementor-column-gap-default\">\n\t\t\t\t\t<div class=\"elementor-column elementor-col-100 elementor-top-column elementor-element elementor-element-18c102a\" data-id=\"18c102a\" data-element_type=\"column\" data-e-type=\"column\">\n\t\t\t<div class=\"elementor-widget-wrap elementor-element-populated\">\n\t\t\t\t\t\t<div class=\"elementor-element elementor-element-be1058b elementor-widget elementor-widget-spacer\" data-id=\"be1058b\" data-element_type=\"widget\" data-e-type=\"widget\" data-widget_type=\"spacer.default\">\n\t\t\t\t<div class=\"elementor-widget-container\">\n\t\t\t\t\t\t\t<div class=\"elementor-spacer\">\n\t\t\t<div class=\"elementor-spacer-inner\"><\/div>\n\t\t<\/div>\n\t\t\t\t\t\t<\/div>\n\t\t\t\t<\/div>\n\t\t\t\t<div class=\"elementor-element elementor-element-b5562d4 elementor-widget elementor-widget-text-editor\" data-id=\"b5562d4\" data-element_type=\"widget\" data-e-type=\"widget\" data-widget_type=\"text-editor.default\">\n\t\t\t\t<div class=\"elementor-widget-container\">\n\t\t\t\t\t\t\t\t\t<p><strong>A VOS ORDIS<\/strong> est distributeur de la marque <strong>ORDISSIMO<\/strong>, une ligne de mat\u00e9riels informatiques <strong>sp\u00e9cialement con\u00e7ue pour les s\u00e9niors<\/strong>.<\/p>\t\t\t\t\t\t\t\t<\/div>\n\t\t\t\t<\/div>\n\t\t\t\t\t<\/div>\n\t\t<\/div>\n\t\t\t\t\t<\/div>\n\t\t<\/section>\n\t\t\t\t<section class=\"elementor-section elementor-top-section elementor-element elementor-element-22630ce elementor-section-boxed elementor-section-height-default elementor-section-height-default\" data-id=\"22630ce\" data-element_type=\"section\" data-e-type=\"section\">\n\t\t\t\t\t\t<div class=\"elementor-container elementor-column-gap-default\">\n\t\t\t\t\t<div class=\"elementor-column elementor-col-100 elementor-top-column elementor-element elementor-element-4396232\" data-id=\"4396232\" data-element_type=\"column\" data-e-type=\"column\">\n\t\t\t<div class=\"elementor-widget-wrap elementor-element-populated\">\n\t\t\t\t\t\t<div class=\"elementor-element elementor-element-9682e39 elementor-widget elementor-widget-image\" data-id=\"9682e39\" data-element_type=\"widget\" data-e-type=\"widget\" data-widget_type=\"image.default\">\n\t\t\t\t<div class=\"elementor-widget-container\">\n\t\t\t\t\t\t\t\t\t\t\t\t\t\t\t<img decoding=\"async\" src=\"https:\/\/avosordis.com\/wp-content\/uploads\/2021\/12\/ORDISSIMO-600x180.jpg\" title=\"ORDISSIMO\" alt=\"ORDISSIMO\" loading=\"lazy\" \/>\t\t\t\t\t\t\t\t\t\t\t\t\t\t\t<\/div>\n\t\t\t\t<\/div>\n\t\t\t\t<div class=\"elementor-element elementor-element-e0bafd2 elementor-widget elementor-widget-spacer\" data-id=\"e0bafd2\" data-element_type=\"widget\" data-e-type=\"widget\" data-widget_type=\"spacer.default\">\n\t\t\t\t<div class=\"elementor-widget-container\">\n\t\t\t\t\t\t\t<div class=\"elementor-spacer\">\n\t\t\t<div class=\"elementor-spacer-inner\"><\/div>\n\t\t<\/div>\n\t\t\t\t\t\t<\/div>\n\t\t\t\t<\/div>\n\t\t\t\t\t<\/div>\n\t\t<\/div>\n\t\t\t\t\t<\/div>\n\t\t<\/section>\n\t\t\t\t<section class=\"elementor-section elementor-top-section elementor-element elementor-element-2ad92c4 elementor-section-boxed elementor-section-height-default elementor-section-height-default\" data-id=\"2ad92c4\" data-element_type=\"section\" data-e-type=\"section\">\n\t\t\t\t\t\t<div class=\"elementor-container elementor-column-gap-default\">\n\t\t\t\t\t<div class=\"elementor-column elementor-col-100 elementor-top-column elementor-element elementor-element-5162774\" data-id=\"5162774\" data-element_type=\"column\" data-e-type=\"column\">\n\t\t\t<div class=\"elementor-widget-wrap elementor-element-populated\">\n\t\t\t\t\t\t<div class=\"elementor-element elementor-element-5ea2725 elementor-widget elementor-widget-text-editor\" data-id=\"5ea2725\" data-element_type=\"widget\" data-e-type=\"widget\" data-widget_type=\"text-editor.default\">\n\t\t\t\t<div class=\"elementor-widget-container\">\n\t\t\t\t\t\t\t\t\t<p>Des ordinateurs fixes, portables, des tablettes et smartphones <strong>simples et faciles \u00e0 utiliser<\/strong>.<\/p>\t\t\t\t\t\t\t\t<\/div>\n\t\t\t\t<\/div>\n\t\t\t\t\t<\/div>\n\t\t<\/div>\n\t\t\t\t\t<\/div>\n\t\t<\/section>\n\t\t\t\t<section class=\"elementor-section elementor-top-section elementor-element elementor-element-f827919 elementor-section-boxed elementor-section-height-default elementor-section-height-default\" data-id=\"f827919\" data-element_type=\"section\" data-e-type=\"section\">\n\t\t\t\t\t\t<div class=\"elementor-container elementor-column-gap-default\">\n\t\t\t\t\t<div class=\"elementor-column elementor-col-100 elementor-top-column elementor-element elementor-element-218378f\" data-id=\"218378f\" data-element_type=\"column\" data-e-type=\"column\">\n\t\t\t<div class=\"elementor-widget-wrap elementor-element-populated\">\n\t\t\t\t\t\t<div class=\"elementor-element elementor-element-df276cc elementor-widget elementor-widget-text-editor\" data-id=\"df276cc\" data-element_type=\"widget\" data-e-type=\"widget\" data-widget_type=\"text-editor.default\">\n\t\t\t\t<div class=\"elementor-widget-container\">\n\t\t\t\t\t\t\t\t\t<p>Une gamme d\u2019accessoires <strong>sur mesure<\/strong> (clavier, souris ergonomique, cl\u00e9 USB, disque dur externe, sacoche de transport\u2026) est aussi disponible <strong>pour vous apporter un confort d\u2019usage<\/strong>.<\/p>\t\t\t\t\t\t\t\t<\/div>\n\t\t\t\t<\/div>\n\t\t\t\t<div class=\"elementor-element elementor-element-f4872a4 elementor-widget elementor-widget-spacer\" data-id=\"f4872a4\" data-element_type=\"widget\" data-e-type=\"widget\" data-widget_type=\"spacer.default\">\n\t\t\t\t<div class=\"elementor-widget-container\">\n\t\t\t\t\t\t\t<div class=\"elementor-spacer\">\n\t\t\t<div class=\"elementor-spacer-inner\"><\/div>\n\t\t<\/div>\n\t\t\t\t\t\t<\/div>\n\t\t\t\t<\/div>\n\t\t\t\t\t<\/div>\n\t\t<\/div>\n\t\t\t\t\t<\/div>\n\t\t<\/section>\n\t\t\t\t<section class=\"elementor-section elementor-top-section elementor-element elementor-element-24bb022 elementor-section-boxed elementor-section-height-default elementor-section-height-default\" data-id=\"24bb022\" data-element_type=\"section\" data-e-type=\"section\">\n\t\t\t\t\t\t<div class=\"elementor-container elementor-column-gap-default\">\n\t\t\t\t\t<div class=\"elementor-column elementor-col-100 elementor-top-column elementor-element elementor-element-13e690e\" data-id=\"13e690e\" data-element_type=\"column\" data-e-type=\"column\">\n\t\t\t<div class=\"elementor-widget-wrap elementor-element-populated\">\n\t\t\t\t\t\t<section class=\"elementor-section elementor-inner-section elementor-element elementor-element-05cf5ac elementor-section-boxed elementor-section-height-default elementor-section-height-default\" data-id=\"05cf5ac\" data-element_type=\"section\" data-e-type=\"section\">\n\t\t\t\t\t\t<div class=\"elementor-container elementor-column-gap-default\">\n\t\t\t\t\t<div class=\"elementor-column elementor-col-50 elementor-inner-column elementor-element elementor-element-8500296\" data-id=\"8500296\" data-element_type=\"column\" data-e-type=\"column\">\n\t\t\t<div class=\"elementor-widget-wrap elementor-element-populated\">\n\t\t\t\t\t\t<div class=\"elementor-element elementor-element-a8e4d7f elementor-widget elementor-widget-text-editor\" data-id=\"a8e4d7f\" data-element_type=\"widget\" data-e-type=\"widget\" data-widget_type=\"text-editor.default\">\n\t\t\t\t<div class=\"elementor-widget-container\">\n\t\t\t\t\t\t\t\t\t<p><b>Portable ultra-fin Eve 3 : ORDINATEUR SIMPLIFIE CON<span class=\"ILfuVd\"><span class=\"hgKElc\">\u00c7<\/span><\/span>US en FRANCE<\/b><\/p><ul type=\"circle\"><li class=\"m_-6030826987450002356paragraph\">&#8211; Intel\u00ae Celeron\u00ae, Mod\u00e8le de processeur: N3350, Fr\u00e9quence du processeur: 1,1 GHz. <u><\/u><u><\/u><\/li><li class=\"m_-6030826987450002356paragraph\">&#8211; Taille de l&rsquo;\u00e9cran: 33,8 cm (13.3&Prime;)<u><\/u><u><\/u><\/li><li class=\"m_-6030826987450002356paragraph\">&#8211; M\u00e9moire interne: 3 Go, Type de m\u00e9moire interne: DDR4-SDRAM<u><\/u><u><\/u><\/li><li class=\"m_-6030826987450002356paragraph\">&#8211; Capacit\u00e9 totale de stockage: 32 Go, Supports de stockage: eMMC<\/li><\/ul>\t\t\t\t\t\t\t\t<\/div>\n\t\t\t\t<\/div>\n\t\t\t\t\t<\/div>\n\t\t<\/div>\n\t\t\t\t<div class=\"elementor-column elementor-col-50 elementor-inner-column elementor-element elementor-element-288642d\" data-id=\"288642d\" data-element_type=\"column\" data-e-type=\"column\">\n\t\t\t<div class=\"elementor-widget-wrap elementor-element-populated\">\n\t\t\t\t\t\t<div class=\"elementor-element elementor-element-a79b127 elementor-widget elementor-widget-image\" data-id=\"a79b127\" data-element_type=\"widget\" data-e-type=\"widget\" data-widget_type=\"image.default\">\n\t\t\t\t<div class=\"elementor-widget-container\">\n\t\t\t\t\t\t\t\t\t\t\t\t\t\t\t<img fetchpriority=\"high\" decoding=\"async\" width=\"300\" height=\"300\" src=\"https:\/\/avosordis.com\/wp-content\/uploads\/2021\/12\/image001.jpg\" class=\"attachment-large size-large wp-image-427\" alt=\"\" srcset=\"https:\/\/avosordis.com\/wp-content\/uploads\/2021\/12\/image001.jpg 300w, https:\/\/avosordis.com\/wp-content\/uploads\/2021\/12\/image001-150x150.jpg 150w, https:\/\/avosordis.com\/wp-content\/uploads\/2021\/12\/image001-100x100.jpg 100w\" sizes=\"(max-width: 300px) 100vw, 300px\" \/>\t\t\t\t\t\t\t\t\t\t\t\t\t\t\t<\/div>\n\t\t\t\t<\/div>\n\t\t\t\t\t<\/div>\n\t\t<\/div>\n\t\t\t\t\t<\/div>\n\t\t<\/section>\n\t\t\t\t<div class=\"elementor-element elementor-element-0295730 elementor-widget elementor-widget-spacer\" data-id=\"0295730\" data-element_type=\"widget\" data-e-type=\"widget\" data-widget_type=\"spacer.default\">\n\t\t\t\t<div class=\"elementor-widget-container\">\n\t\t\t\t\t\t\t<div class=\"elementor-spacer\">\n\t\t\t<div class=\"elementor-spacer-inner\"><\/div>\n\t\t<\/div>\n\t\t\t\t\t\t<\/div>\n\t\t\t\t<\/div>\n\t\t\t\t\t<\/div>\n\t\t<\/div>\n\t\t\t\t\t<\/div>\n\t\t<\/section>\n\t\t\t\t<section class=\"elementor-section elementor-top-section elementor-element elementor-element-4187b02 elementor-section-boxed elementor-section-height-default elementor-section-height-default\" data-id=\"4187b02\" data-element_type=\"section\" data-e-type=\"section\">\n\t\t\t\t\t\t<div class=\"elementor-container elementor-column-gap-default\">\n\t\t\t\t\t<div class=\"elementor-column elementor-col-100 elementor-top-column elementor-element elementor-element-c43bed6\" data-id=\"c43bed6\" data-element_type=\"column\" data-e-type=\"column\">\n\t\t\t<div class=\"elementor-widget-wrap elementor-element-populated\">\n\t\t\t\t\t\t<section class=\"elementor-section elementor-inner-section elementor-element elementor-element-93c307b elementor-section-boxed elementor-section-height-default elementor-section-height-default\" data-id=\"93c307b\" data-element_type=\"section\" data-e-type=\"section\">\n\t\t\t\t\t\t<div class=\"elementor-container elementor-column-gap-default\">\n\t\t\t\t\t<div class=\"elementor-column elementor-col-50 elementor-inner-column elementor-element elementor-element-8ac88b0\" data-id=\"8ac88b0\" data-element_type=\"column\" data-e-type=\"column\">\n\t\t\t<div class=\"elementor-widget-wrap elementor-element-populated\">\n\t\t\t\t\t\t<div class=\"elementor-element elementor-element-f07bb87 elementor-widget elementor-widget-image\" data-id=\"f07bb87\" data-element_type=\"widget\" data-e-type=\"widget\" id=\"tablette\" data-widget_type=\"image.default\">\n\t\t\t\t<div class=\"elementor-widget-container\">\n\t\t\t\t\t\t\t\t\t\t\t\t\t\t\t<img decoding=\"async\" width=\"500\" height=\"337\" src=\"https:\/\/avosordis.com\/wp-content\/uploads\/2021\/12\/image003.jpg\" class=\"attachment-large size-large wp-image-428\" alt=\"\" srcset=\"https:\/\/avosordis.com\/wp-content\/uploads\/2021\/12\/image003.jpg 500w, https:\/\/avosordis.com\/wp-content\/uploads\/2021\/12\/image003-300x202.jpg 300w\" sizes=\"(max-width: 500px) 100vw, 500px\" \/>\t\t\t\t\t\t\t\t\t\t\t\t\t\t\t<\/div>\n\t\t\t\t<\/div>\n\t\t\t\t\t<\/div>\n\t\t<\/div>\n\t\t\t\t<div class=\"elementor-column elementor-col-50 elementor-inner-column elementor-element elementor-element-17b9367\" data-id=\"17b9367\" data-element_type=\"column\" data-e-type=\"column\">\n\t\t\t<div class=\"elementor-widget-wrap elementor-element-populated\">\n\t\t\t\t\t\t<div class=\"elementor-element elementor-element-a8d63b4 elementor-widget elementor-widget-spacer\" data-id=\"a8d63b4\" data-element_type=\"widget\" data-e-type=\"widget\" data-widget_type=\"spacer.default\">\n\t\t\t\t<div class=\"elementor-widget-container\">\n\t\t\t\t\t\t\t<div class=\"elementor-spacer\">\n\t\t\t<div class=\"elementor-spacer-inner\"><\/div>\n\t\t<\/div>\n\t\t\t\t\t\t<\/div>\n\t\t\t\t<\/div>\n\t\t\t\t<div class=\"elementor-element elementor-element-d5c6a45 elementor-widget elementor-widget-text-editor\" data-id=\"d5c6a45\" data-element_type=\"widget\" data-e-type=\"widget\" data-widget_type=\"text-editor.default\">\n\t\t\t\t<div class=\"elementor-widget-container\">\n\t\t\t\t\t\t\t\t\t<p><b>Tablette 10,1\u2019\u2019 CELIA\u00a0: LA TABELTTE LA PLUS FACILE DU MONDE<u><\/u><u><\/u><\/b><\/p><ul type=\"circle\"><li class=\"m_-6030826987450002356MsoListParagraph\">&#8211; Capacit\u00e9 de stockage interne: 64 Go<u><\/u><u><\/u><\/li><li class=\"m_-6030826987450002356MsoListParagraph\">&#8211; Fr\u00e9quence du processeur: 1,6 GHz, Mod\u00e8le de processeur: SC9863A<u><\/u><u><\/u><\/li><li class=\"m_-6030826987450002356MsoListParagraph\">&#8211; M\u00e9moire interne: 4 Go<u><\/u><u><\/u><\/li><li class=\"m_-6030826987450002356MsoListParagraph\">&#8211; R\u00e9solution de la cam\u00e9ra arri\u00e8re (numerique): 8 MP<u><\/u><u><\/u><\/li><li class=\"m_-6030826987450002356MsoListParagraph\">&#8211; Poids: 600 g<\/li><\/ul>\t\t\t\t\t\t\t\t<\/div>\n\t\t\t\t<\/div>\n\t\t\t\t\t<\/div>\n\t\t<\/div>\n\t\t\t\t\t<\/div>\n\t\t<\/section>\n\t\t\t\t<div class=\"elementor-element elementor-element-9d5fe19 elementor-widget elementor-widget-spacer\" data-id=\"9d5fe19\" data-element_type=\"widget\" data-e-type=\"widget\" data-widget_type=\"spacer.default\">\n\t\t\t\t<div class=\"elementor-widget-container\">\n\t\t\t\t\t\t\t<div class=\"elementor-spacer\">\n\t\t\t<div class=\"elementor-spacer-inner\"><\/div>\n\t\t<\/div>\n\t\t\t\t\t\t<\/div>\n\t\t\t\t<\/div>\n\t\t\t\t\t<\/div>\n\t\t<\/div>\n\t\t\t\t\t<\/div>\n\t\t<\/section>\n\t\t\t\t<section class=\"elementor-section elementor-top-section elementor-element elementor-element-ad56248 elementor-section-boxed elementor-section-height-default elementor-section-height-default\" data-id=\"ad56248\" data-element_type=\"section\" data-e-type=\"section\">\n\t\t\t\t\t\t<div class=\"elementor-container elementor-column-gap-default\">\n\t\t\t\t\t<div class=\"elementor-column elementor-col-100 elementor-top-column elementor-element elementor-element-c3db6a2\" data-id=\"c3db6a2\" data-element_type=\"column\" data-e-type=\"column\">\n\t\t\t<div class=\"elementor-widget-wrap elementor-element-populated\">\n\t\t\t\t\t\t<section class=\"elementor-section elementor-inner-section elementor-element elementor-element-5794564 elementor-section-boxed elementor-section-height-default elementor-section-height-default\" data-id=\"5794564\" data-element_type=\"section\" data-e-type=\"section\">\n\t\t\t\t\t\t<div class=\"elementor-container elementor-column-gap-default\">\n\t\t\t\t\t<div class=\"elementor-column elementor-col-50 elementor-inner-column elementor-element elementor-element-6b12562\" data-id=\"6b12562\" data-element_type=\"column\" data-e-type=\"column\">\n\t\t\t<div class=\"elementor-widget-wrap elementor-element-populated\">\n\t\t\t\t\t\t<div class=\"elementor-element elementor-element-fb27b16 elementor-widget elementor-widget-spacer\" data-id=\"fb27b16\" data-element_type=\"widget\" data-e-type=\"widget\" data-widget_type=\"spacer.default\">\n\t\t\t\t<div class=\"elementor-widget-container\">\n\t\t\t\t\t\t\t<div class=\"elementor-spacer\">\n\t\t\t<div class=\"elementor-spacer-inner\"><\/div>\n\t\t<\/div>\n\t\t\t\t\t\t<\/div>\n\t\t\t\t<\/div>\n\t\t\t\t<div class=\"elementor-element elementor-element-8cda309 elementor-widget elementor-widget-text-editor\" data-id=\"8cda309\" data-element_type=\"widget\" data-e-type=\"widget\" data-widget_type=\"text-editor.default\">\n\t\t\t\t<div class=\"elementor-widget-container\">\n\t\t\t\t\t\t\t\t\t<p><b>Smartphone Mini \u2013 Ecan 5\u2019\u2019 Facile \u00e0 prendre en main<u><\/u><u><\/u><\/b><\/p><ul><li>&#8211; 16 Go<u><\/u><u><\/u><\/li><li>&#8211; \u00c9cran 12,7 cm (5&Prime;) LCD HD 1280 x 720<u><\/u><u><\/u><\/li><li>&#8211; 2 Go RAM<u><\/u><u><\/u><\/li><li>&#8211; Android 7.1 Nougat<\/li><\/ul>\t\t\t\t\t\t\t\t<\/div>\n\t\t\t\t<\/div>\n\t\t\t\t\t<\/div>\n\t\t<\/div>\n\t\t\t\t<div class=\"elementor-column elementor-col-50 elementor-inner-column elementor-element elementor-element-3699eaa\" data-id=\"3699eaa\" data-element_type=\"column\" data-e-type=\"column\">\n\t\t\t<div class=\"elementor-widget-wrap elementor-element-populated\">\n\t\t\t\t\t\t<div class=\"elementor-element elementor-element-273ceff elementor-widget elementor-widget-image\" data-id=\"273ceff\" data-element_type=\"widget\" data-e-type=\"widget\" data-widget_type=\"image.default\">\n\t\t\t\t<div class=\"elementor-widget-container\">\n\t\t\t\t\t\t\t\t\t\t\t\t\t\t\t<img decoding=\"async\" width=\"500\" height=\"500\" src=\"https:\/\/avosordis.com\/wp-content\/uploads\/2021\/12\/image002.jpg\" class=\"attachment-large size-large wp-image-429\" alt=\"\" srcset=\"https:\/\/avosordis.com\/wp-content\/uploads\/2021\/12\/image002.jpg 500w, https:\/\/avosordis.com\/wp-content\/uploads\/2021\/12\/image002-300x300.jpg 300w, https:\/\/avosordis.com\/wp-content\/uploads\/2021\/12\/image002-150x150.jpg 150w, https:\/\/avosordis.com\/wp-content\/uploads\/2021\/12\/image002-100x100.jpg 100w\" sizes=\"(max-width: 500px) 100vw, 500px\" \/>\t\t\t\t\t\t\t\t\t\t\t\t\t\t\t<\/div>\n\t\t\t\t<\/div>\n\t\t\t\t\t<\/div>\n\t\t<\/div>\n\t\t\t\t\t<\/div>\n\t\t<\/section>\n\t\t\t\t\t<\/div>\n\t\t<\/div>\n\t\t\t\t\t<\/div>\n\t\t<\/section>\n\t\t\t\t<\/div>\n\t\t","protected":false},"excerpt":{"rendered":"<p>A VOS ORDIS est distributeur de la marque ORDISSIMO, une ligne de mat\u00e9riels informatiques sp\u00e9cialement con\u00e7ue pour les s\u00e9niors. Des ordinateurs fixes, portables, des tablettes et smartphones simples et faciles \u00e0 utiliser. Une gamme d\u2019accessoires sur mesure (clavier, souris ergonomique, cl\u00e9 USB, disque dur externe, sacoche de transport\u2026) est aussi disponible pour vous apporter un&#8230;<\/p>\n","protected":false},"author":1,"featured_media":0,"parent":0,"menu_order":0,"comment_status":"closed","ping_status":"closed","template":"","meta":{"_kad_post_transparent":"","_kad_post_title":"hide","_kad_post_layout":"fullwidth","_kad_post_sidebar_id":"","_kad_post_content_style":"unboxed","_kad_post_vertical_padding":"hide","_kad_post_feature":"hide","_kad_post_feature_position":"","_kad_post_header":false,"_kad_post_footer":false,"footnotes":""},"class_list":["post-383","page","type-page","status-publish","hentry"],"_links":{"self":[{"href":"https:\/\/avosordis.com\/index.php\/wp-json\/wp\/v2\/pages\/383","targetHints":{"allow":["GET"]}}],"collection":[{"href":"https:\/\/avosordis.com\/index.php\/wp-json\/wp\/v2\/pages"}],"about":[{"href":"https:\/\/avosordis.com\/index.php\/wp-json\/wp\/v2\/types\/page"}],"author":[{"embeddable":true,"href":"https:\/\/avosordis.com\/index.php\/wp-json\/wp\/v2\/users\/1"}],"replies":[{"embeddable":true,"href":"https:\/\/avosordis.com\/index.php\/wp-json\/wp\/v2\/comments?post=383"}],"version-history":[{"count":37,"href":"https:\/\/avosordis.com\/index.php\/wp-json\/wp\/v2\/pages\/383\/revisions"}],"predecessor-version":[{"id":451,"href":"https:\/\/avosordis.com\/index.php\/wp-json\/wp\/v2\/pages\/383\/revisions\/451"}],"wp:attachment":[{"href":"https:\/\/avosordis.com\/index.php\/wp-json\/wp\/v2\/media?parent=383"}],"curies":[{"name":"wp","href":"https:\/\/api.w.org\/{rel}","templated":true}]}}